e remainder when f is divided by d?
33
Let l = 10 + -6. What is the remainder when 21 is divided by l?
1
Let n be 3*(-1)/(6/(-24)). Suppose n = 3*m, 8*m - 140 = -2*b + 5*m. What is the remainder when b is divided by 2?
0
Let a(z) = 240*z**3 + 2*z**2 - z. Let r = 1954 - 1893. What is the remainder when a(1) is divided by r?
58
Suppose -21*y + 2386 = 34. Suppose 0 = -p - 3*p + 116. What is the remainder when y is divided by p?
25
Let t = 3 + -9. What is the remainder when 3378/18 - 2/t is divided by 38?
36
Suppose -1007 - 969 = -19*r. What is the remainder when 618 is divided by r?
98
Let n(w) = w**3 + w**2 - 2*w + 2. Suppose -19*h + 170 = -2*h. Calculate the remainder when h is divided by n(1).
0
Let i = 718 + -641. What is the remainder when 103 is divided by i?
26
Let m be (-5)/20*4 - -3*1. Let u(p) = p**3 + 5*p**2 + 2. Let b be u(-5). What is the remainder when 30 is divided by 9 + (m - b - -2)?
8
Let l(n) = -n**3 - 6*n**2 - 8*n - 7. Let p be l(-3). Let j(o) = -17*o + 2. Calculate the remainder when j(p) is divided by 29.
27
Suppose -24*a + 20*a + 60 = 0. Calculate the remainder when 101 is divided by a.
11
Let v(i) = i**3 + 5*i**2 + 5. Let p be v(-5). Suppose -49 = -p*a + 6. Calculate the remainder when a is divided by 7.
4
Let l(w) = -5*w**3 - 120*w**2 + w + 33. Calculate the remainder when 42 is divided by l(-24).
6
Let p(g) = -5*g - 187. What is the remainder when 46 is divided by p(-39)?
6
Calculate the remainder when 155 - (-7 - (-2 - -2)) is divided by 15.
12
What is the remainder when 15*((-24)/4 + (0 - -7)) is divided by 8?
7
Let t = 26 - -28. Suppose -3*u = -u - t. Suppose -5 = 2*p + 5*i, -i = 4*p - 6*i - 65. What is the remainder when u is divided by p?
7
Suppose 4*z + 5*n - 358 = -0*z, 2*z = -2*n + 180. What is the remainder when z is divided by 32?
28
Suppose 2*w = -9 + 13. Suppose -4*s = w*l - 8, 5*s = -4*l + 37 - 12. Calculate the remainder when 29 is divided by l.
9
Suppose 94*s = 103*s - 333. Calculate the remainder when 46 is divided by s.
9
Let c be 42/12*(-4)/(-7). Suppose -4*w + 16 = 4*d, -5*w + d + 44 = -c*d. What is the remainder when 17 is divided by w?
3
Let f(i) = i - 5. Let g be f(5). Suppose 2*r - 3 - 3 = g. Suppose 3*h - 18 = 2*w, -r*w + 2*w = 5*h - 17. What is the remainder when 13 is divided by h?
1
Calculate the remainder when 117 is divided by (2/(-4))/((120/656)/(-15)).
35
Suppose -2 + 7 = x, -5*s + 35 = -5*x. Let m be ((-16)/(-6))/((-2)/(-6)). Suppose 20 = -m*n + s*n. What is the remainder when 6 is divided by n?
1
Let t be 44/8 - 1/2. Suppose -t*g + 85 = -2*v, 0 = g + 5*v - 16 - 1. What is the remainder when g is divided by 4?
1
Let x(f) = f**2 + 1. Suppose 180 = 4*y + 4*h, 0*y + 2*y + 5*h - 78 = 0. Let g = 62 - y. Calculate the remainder when x(-6) is divided by g.
11
Let m = 27 + -13. Suppose 2*r = 2*p + r - 5, 0 = p - 3*r. Calculate the remainder when (-2 - (-118)/6)*p is divided by m.
11
Suppose 4*x - 2*x - 65 = -3*p, 2*p - 5*x - 56 = 0. Calculate the remainder when 123 is divided by p.
8
Let k = 229 + -204. Calculate the remainder when 84 is divided by k.
9
Let o(h) = -h**2 - 1 + 5*h**2 - 6*h**3 - 3*h**2. Let m be o(-1). Calculate the remainder when 45/10*(m - -2) is divided by 13.
10
Suppose 95 = -4*f - 29. Let k(j) = -4*j - 7. Calculate the remainder when -3 - (-3 + -1) - f is divided by k(-6).
15
Let z = 264 + -243. Calculate the remainder when 167 is divided by z.
20
Let k(r) = 49*r**2 + 2*r - 2. Let s(b) = 2*b**2 - b - 2. Let c be s(-1). Let m be k(c). Suppose 13 = -2*u + m. What is the remainder when 71 is divided by u?
17
Suppose 8*h + 20 = 4*h. Let q = 8 - h. Calculate the remainder when 38 is divided by q.
12
Suppose -243 - 307 = -4*i + 5*a, 3*i - 4*a = 413. Let k = -88 + i. Suppose -3*z + 26 = -49. What is the remainder when k is divided by z?
22
Suppose 3*j - 151 = o, -2*j + 2*o + 126 = 28. Suppose -4*z = -4*l + 172, -9*l + 5*z + j = -8*l. Calculate the remainder when 79 is divided by l.
38
Let j = 66 - 65. What is the remainder when 62 is divided by -2 - -10*(0 + j)?
6
Let g = -31 - -53. Let j = 58 + g. Suppose -2*x + 34 = -4*p, -3*x + 5*p = -8*x + 115. What is the remainder when j is divided by x?
17
Let b = -1635 + 1653. Let t(p) = -11*p + 4. What is the remainder when t(-6) is divided by b?
16
Let o = -15 - -13. Let l = o - -4. Suppose l*v + 6 = 5*v, -n = -5*v + 7. What is the remainder when 8 is divided by n?
2
Let f = -1017 + 1098. What is the remainder when 726 is divided by f?
78
Suppose 0 = y + 3*m + 1, 2 + 1 = -3*m. Suppose 542 = 4*b - 5*d, d + 0 = y. Let x = b + -50. Calculate the remainder when x is divided by 18.
16
Let y(h) = 54*h**2 + h - 1. Let k be y(1). Let n = -36 + k. Calculate the remainder when 123 is divided by n.
15
Suppose 0 = -3*a - 4 + 10. Let x(g) = 5*g**2 - 2*g + 4. Let u(s) = s**3 + 8*s**2 - 6*s - 14. Calculate the remainder when u(-7) is divided by x(a).
17
Suppose -357 = -68*i + 17*i. What is the remainder when 11 is divided by i?
4
Suppose 2*s = 4*s - 18. Let v(j) = 3*j**2 + 10*j**2 - 3 - 4*j**2 + 3*j - 4*j**2 - j**3. Calculate the remainder when v(4) is divided by s.
7
Let b = 537 - 361. Calculate the remainder when b is divided by 45.
41
What is the remainder when 1*(-2 + (574 - 7)) is divided by 21?
19
Calculate the remainder when 138 is divided by 64 + (-3)/(24/(-56)).
67
Suppose 5*b - 22 = 48. Let x(v) = -v**2 - 15*v - 15. What is the remainder when x(-9) is divided by b?
11
Suppose 21*h - 20*h - 3 = 0. Suppose 0 = -q - h*f + 5, q + 5*f = -3*q + 48. What is the remainder when 29 is divided by q?
12
Let d = 10 - 7. Suppose 0*t = -d*t. Suppose t = -f + 5*h + 20, 3*f - 4*h = -2*h + 47. What is the remainder when f is divided by 8?
7
Let u(z) = z**2 - 5*z - 4. Suppose -5*j + 41 = 3*x, -j - 2*j = 15. Let s = x + -14. What is the remainder when u(s) is divided by 7?
6
Let y be 1 - (2 + -1)*1. Suppose 2*i + 4*c = 3*c + 76, -3*i + 3*c + 132 = y. Let r(g) = 3*g + 3. Calculate the remainder when i is divided by r(6).
19
Suppose -z = 2*o - 4*z - 103, z + 3 = 0. What is the remainder when 134 is divided by o?
40
Suppose 24 = -6*o + 2*o. What is the remainder when (-24)/(-16)*12/1 is divided by (-34)/o - (-10)/(-15)?
3
Suppose -j + 2*j + 3*h - 24 = 0, 96 = 5*j + 3*h. Let a = -11 + j. Suppose 4*r - 33 = r. What is the remainder when r is divided by a?
4
Let h(o) = 0*o + 3*o**2 + 3 - o**2 - 6*o. What is the remainder when h(5) is divided by (-178)/(-14) - (-24)/84?
10
Suppose -4*s = m - 310 + 172, 375 = 3*m - s. Suppose -4 = -5*z + 3*a + 159, 5*z = 2*a + 162. What is the remainder when m is divided by z?
30
Suppose -z - 3 = 0, w + 5 = 5*z + 21. Let y be (w/3)/(1/36). Let h(c) = c**3 - 11*c**2 - 11*c + 13. What is the remainder when h(y) is divided by 14?
11
Suppose -4 = -4*i - 0. Let r(v) = 0 - v**2 + 2 + i - 8*v + 7. What is the remainder when 38 is divided by r(-8)?
8
Let y(r) = -r**2 + 21*r - 49. What is the remainder when y(15) is divided by 37?
4
Let x be 15*(-1)/(-3) + -3. Suppose x*t - 119 - 59 = 0. Let f = 53 + -30. What is the remainder when t is divided by f?
20
Let b(l) = l**3 + 8*l**2 + l + 9. Let x be b(-8). Let g be (-1 - x)/4*72. Let p = 50 + g. Calculate the remainder when 54 is divided by p.
12
Suppose 9*b = 31*b - 2904. What is the remainder when b is divided by 43?
3
Suppose 2*k - 8 = 0, -5*f - 3*k - 13 = -90. What is the remainder when f is divided by 3?
1
Let v(t) = -t**3 + 14*t**2 - 22*t + 15. What is the remainder when v(9) is divided by 16?
14
Suppose -w - 3*u = -2*u - 134, -5*w + u + 694 = 0. Let i be (-1)/(135/w - 1). Let g = i - 27. What is the remainder when g is divided by 7?
5
Let o be (-4)/(-10) + (-36)/(-10). Suppose 0 = -4*r + g + 66, -o*r - 3*g - 12 = -70. Let p = 3187 + -3142. Calculate the remainder when p is divided by r.
13
Let f(o) = -o**3 - 19*o**2 - 21*o - 29. Calculate the remainder when 93 is divided by f(-18).
18
Let o(v) = v**3 - 13*v**2 + 7*v - 14. Let s be o(14). Let i = 157 - s. What is the remainder when 7/(-14) - i/6 is divided by 7?
6
Let m = 5 + 5. Calculate the remainder when 6/(3/(81/6)) is divided by m.
7
Suppose -3*q + 0*q + 66 = 0. Let z be ((-1)/2)/(1/22). Let y = z + q. What is the remainder when y is divided by 4?
3
Let j(p) = p**3 - 2*p**2 + 3*p - 9. What is the remainder when j(4) is divided by (2/(-4)